
False
Does 2459 divide 59001464?
False
Is 54 a factor of 246122604?
True
Is 944 a factor of 52595904?
True
Is 107628647 a multiple of 9?
False
Is 58012974 a multiple of 18?
True
Is 60164635 a multiple of 944?
False
Does 15 divide 6066033060?
True
Is 1097626489 a multiple of 251?
False
Is 19 a factor of 190368638?
True
Does 70 divide 10960554?
False
Is 11428507 a multiple of 110?
False
Does 30 divide 5544209?
False
Does 28 divide 49885144?
False
Is 44 a factor of 9121632?
False
Is 37044393 a multiple of 31?
False
Does 2 divide 5568510?
True
Is 148541570 a multiple of 61?
False
Is 14 a factor of 902538?
True
Does 43 divide 14739669?
True
Is 2670840227 a multiple of 12497?
False
Does 5 divide 305408275?
True
Does 20 divide 2793182?
False
Does 630 divide 79722090?
True
Is 159007959 a multiple of 10?
False
Is 269025607 a multiple of 8?
False
Is 1839228 a multiple of 6?
True
Is 84212643 a multiple of 30?
False
Is 260 a factor of 141496099?
False
Does 2748 divide 123108970?
False
Does 181 divide 35943542?
False
Does 2095 divide 694102120?
False
Is 2021747256 a multiple of 36?
True
Is 2185302 a multiple of 2203?
False
Does 119 divide 22939630?
True
Is 3742 a factor of 496454882?
True
Does 29 divide 1090611545?
False
Does 1060 divide 1349363756?
False
Is 16557636 a multiple of 62?
False
Is 37083061 a multiple of 23?
True
Is 72357797 a multiple of 17?
True
Is 40 a factor of 2492396?
False
Is 865247499 a multiple of 1874?
False
Is 2245641257 a multiple of 1756?
False
Is 641386083 a multiple of 4551?
True
Is 69273631 a multiple of 97?
False
Is 32 a factor of 159555650?
False
Is 15 a factor of 47034735?
True
Does 67 divide 10051282?
False
Is 69 a factor of 191625420?
True
Is 19 a factor of 468338088?
False
Is 55 a factor of 15050970?
True
Does 5299 divide 176971370?
False
Is 89745198 a multiple of 58?
True
Is 34 a factor of 11628871?
False
Does 391 divide 12932716?
True
Does 352 divide 1601834570?
False
Is 51 a factor of 911625?
True
Is 1421 a factor of 137360645?
False
Is 238 a factor of 62838455?
False
Does 4384 divide 409176256?
True
Does 26 divide 768232634?
True
Is 24155461 a multiple of 11?
True
Is 1323 a factor of 323023680?
True
Does 4 divide 53000520?
True
Is 1486933912 a multiple of 139?
False
Is 62 a factor of 7661216?
True
Is 4499500 a multiple of 3?
False
Is 1124 a factor of 295377327?
False
Does 2 divide 189226882?
True
Is 116 a factor of 110840900?
True
Is 50340576 a multiple of 2717?
True
Does 5049 divide 1566452250?
True
Does 3644 divide 145774576?
True
Is 31 a factor of 260664526?
False
Does 217 divide 698568136?
True
Is 690920 a multiple of 46?
True
Is 12552481 a multiple of 481?
False
Is 53 a factor of 40485587?
True
Does 15 divide 55941375?
True
Is 314922640 a multiple of 656?
True
Is 1318086430 a multiple of 5420?
False
Is 342995751 a multiple of 2807?
True
Does 12 divide 2014410698?
False
Does 570 divide 348992076?
False
Is 162315652 a multiple of 127?
True
Does 29 divide 17716892?
False
Does 6264 divide 3050874936?
True
Is 27 a factor of 373986382?
False
Is 23 a factor of 207551839?
True
Does 28 divide 31125483?
False
Is 11553873 a multiple of 58?
False
Does 924 divide 3461766000?
True
Does 111 divide 740076627?
True
Is 2971 a factor of 91934624?
True
Is 16788641 a multiple of 9?
False
Does 94 divide 1541942912?
True
Is 1810211396 a multiple of 62?
True
Is 872 a factor of 2551?
False
Is 15 a factor of 135906164?
False
Does 5 divide 46555779?
False
Is 107 a factor of 126107632?
True
Does 10 divide 5431160?
True
Is 1202 a factor of 1350455414?
True
Is 50294084 a multiple of 18?
False
Does 173 divide 29170395?
True
Is 159 a factor of 1079130456?
True
Does 131 divide 23038708?
True
Does 17 divide 424297067?
True
Does 477 divide 3758953?
False
Is 112114513 a multiple of 502?
False
Does 75 divide 3222750?
True
Does 656 divide 295751040?
True
Does 44 divide 65796016?
True
Is 713386080 a multiple of 96?
True
Is 550546039 a multiple of 431?
True
Is 10659850 a multiple of 10?
True
Does 51 divide 33249784?
False
Does 128 divide 448504439?
False
Does 32 divide 50184633?
False
Does 240 divide 1393920?
True
Is 574 a factor of 362038466?
False
Is 37255502 a multiple of 41?
False
Does 11 divide 40844834?
False
Is 291 a factor of 107796585?
True
Does 4 divide 12613900?
True
Does 166 divide 13031996?
True
Is 15 a factor of 34468005?
True
Does 35 divide 101374980?
True
Does 382 divide 1276067355?
False
Is 37 a factor of 629987688?
False
Does 64 divide 1014684160?
True
Is 387484 a multiple of 146?
True
Does 21 divide 2594324775?
True
Does 263 divide 880796994?
True
Does 21 divide 168354123?
True
Is 8685697 a multiple of 4?
False
Is 30481094 a multiple of 898?
False
Is 356 a factor of 103081580?
True
Is 841869952 a multiple of 88?
True
Does 24 divide 42513247?
False
Is 197568954 a multiple of 9?
True
Does 2765 divide 112987345?
False
Is 64051526 a multiple of 49?
True
Is 89 a factor of 22045923?
True
Does 39 divide 338190035?
False
Is 117524674 a multiple of 1693?
True
Is 14 a factor of 142764272?
True
Is 26376188 a multiple of 156?
False
Is 310925748 a multiple of 42?
True
Does 411 divide 211595032?
False
Is 639 a factor of 420088160?
False
Does 18 divide 283074574?
False
Is 12056325 a multiple of 591?
False
Is 4830720 a multiple of 51?
True
Does 905 divide 347791500?
True
Does 5251 divide 946660782?
True
Is 569 a factor of 2462258167?
True
Is 722 a factor of 3337019020?
True
Is 65736162 a multiple of 6?
True
Is 502 a factor of 2354969348?
True
Does 175 divide 13763050?
True
Is 5745575066 a multiple of 10514?
True
Is 266599454 a multiple of 44?
False
Is 15 a factor of 275357113?
False
Does 324 divide 145513584?
True
Is 3099457 a multiple of 23?
True
Is 240 a factor of 136561920?
True
Is 673861646 a multiple of 134?
False
Is 45815562 a multiple of 169?
True
Does 15 divide 31871233?
False
Is 747 a factor of 2754171310?
False
Is 424980316 a multiple of 1277?
False
Is 32 a factor of 27850703?
False
Does 396 divide 1395935533?
False
Is 129323558 a multiple of 26?
True
Is 656231695 a multiple of 35?
True
Is 2731 a factor of 8831631?
False
Is 47403525 a multiple of 25?
True
Does 1886 divide 5237422?
True
Is 55502319 a multiple of 2089?
False
Does 103 divide 38363752?
False
Does 782 divide 123892260?
True
Does 176 divide 622945312?
True
Is 68890410 a multiple of 10?
True
Does 19 divide 2077911288?
True
Is 166 a factor of 4395293538?
False
Does 30 divide 17489884?
False
Does 596 divide 367370824?
True
Is 807959206 even?
True
Does 28 divide 86336740?
True
Is 75346040 a multiple of 308?
True
Is 153322887 a multiple of 101?
False
Is 1645 a factor of 776221215?
True
Is 18685810 a multiple of 69?
False
Does 618 divide 13201280?
False
Is 2453 a factor of 61975045?
True
Does 489 divide 967995579?
False
Is 187091787 a multiple of 15?
False
Does 62 divide 244265740?
True
Is 1967194504 a multiple of 3061?
True
Does 3 divide 8555323?
False
Does 50 divide 35636402?
False
Is 324797733 a multiple of 3111?
True
Is 22687489 a multiple of 44?
False
Does 2180 divide 402929054?
False
Does 217 divide 559467230?
True
Is 3 a factor of 544911?
True
Does 32 divide 197968064?
True
Does 10 divide 108832140?
True
Is 137 a factor of 23817035?
False
Does 444 divide 415523616?
True
Is 1668169305 a multiple of 165?
True
Is 426 a factor of 540052128?
True
Is 176550442 a multiple of 568?
False
Is 277 a factor of 2187995577?
True
Is 1994 a factor of 179477946?
True
Is 709 a factor of 57972177?
False
Is 2518603 a multiple of 30?
False
Is 72612771 a multiple of 73?
False
Is 2218010543 a multiple of 133?
True
Is 33445662 a multiple of 19?
True
Is 4803104182 a multiple of 10?
False
Does 6 divide 156722685?
False
Does 4332 divide 42145497?
False
Is 5 a factor of 4077730?
True
Does 376 divide 6301248?
False
Does 11 divide 1913869309?
True
Is 113836996 a multiple of 559?
True
Is 3909 a factor of 940475993?
False
Is 36808101 a multiple of 27?
True
Is 6 a factor of 1256928?
True
Is 39 a factor of 18611575?
False
Is 6 a factor of 8474906?
False
Is 29 a factor of 185997122?
False
Is 46557710 a multiple of 6?
False
Is 7623374 a multiple of 23?
False
Is 111275885 a multiple of 35?
True
Does 449 divide 23736218?
False
Does 45 divide 122083999?
False
Is 7397002536 a multiple of 246?
True
Is 40 a factor 